t common factor of 66 and 186?
6
What is the highest common divisor of 561 and 297?
33
What is the greatest common factor of 3230 and 50?
10
What is the highest common divisor of 4102 and 42?
14
Calculate the greatest common divisor of 7 and 5131.
7
Calculate the greatest common divisor of 440 and 66.
22
What is the greatest common divisor of 2530 and 20?
10
What is the greatest common factor of 550 and 5950?
50
What is the greatest common divisor of 1717 and 101?
101
What is the highest common factor of 2695 and 70?
35
What is the greatest common factor of 91 and 208?
13
What is the highest common divisor of 72 and 936?
72
What is the greatest common divisor of 56 and 22456?
56
Calculate the greatest common factor of 8949 and 57.
57
Calculate the highest common factor of 2172 and 132.
12
Calculate the highest common factor of 24 and 10308.
12
What is the greatest common factor of 51 and 170?
17
Calculate the greatest common factor of 384 and 16.
16
What is the greatest common factor of 15 and 1260?
15
What is the highest common factor of 56 and 329?
7
Calculate the greatest common factor of 56 and 98.
14
Calculate the greatest common divisor of 236 and 1357.
59
Calculate the highest common factor of 52 and 507.
13
Calculate the greatest common factor of 553 and 7.
7
What is the greatest common factor of 81 and 3222?
9
What is the greatest common divisor of 525 and 225?
75
What is the highest common divisor of 90 and 15435?
45
Calculate the highest common factor of 15 and 12.
3
What is the highest common divisor of 410 and 5?
5
Calculate the highest common factor of 1064 and 836.
76
What is the greatest common divisor of 28 and 364?
28
Calculate the highest common factor of 315 and 180.
45
Calculate the greatest common factor of 192 and 156.
12
Calculate the greatest common factor of 486 and 198.
18
Calculate the highest common divisor of 55 and 2530.
55
What is the greatest common divisor of 621 and 108?
27
What is the highest common factor of 272 and 32?
16
Calculate the highest common factor of 297 and 405.
27
Calculate the greatest common divisor of 60 and 105.
15
Calculate the greatest common factor of 318 and 6.
6
Calculate the greatest common factor of 3625 and 125.
125
What is the greatest common divisor of 69 and 46?
23
Calculate the greatest common factor of 88 and 11528.
88
Calculate the highest common divisor of 272 and 64.
16
What is the highest common factor of 28 and 480?
4
What is the greatest common divisor of 216 and 297?
27
What is the greatest common factor of 29106 and 21?
21
Calculate the highest common factor of 5 and 307.
1
Calculate the highest common factor of 756 and 693.
63
Calculate the greatest common factor of 175 and 6335.
35
What is the highest common factor of 522 and 928?
58
What is the highest common divisor of 10065 and 45?
15
Calculate the highest common divisor of 1800 and 384.
24
What is the highest common divisor of 61 and 10187?
61
Calculate the highest common divisor of 5064 and 120.
24
What is the greatest common divisor of 13 and 858?
13
What is the greatest common factor of 560 and 680?
40
Calculate the highest common divisor of 8330 and 34.
34
Calculate the highest common divisor of 10 and 3665.
5
Calculate the greatest common divisor of 12501 and 135.
27
What is the greatest common divisor of 28042 and 14?
14
Calculate the highest common factor of 7575 and 1200.
75
What is the highest common factor of 2310 and 1617?
231
Calculate the greatest common factor of 23 and 207.
23
Calculate the highest common divisor of 81 and 144.
9
Calculate the greatest common divisor of 276 and 460.
92
What is the greatest common divisor of 126 and 189?
63
Calculate the greatest common divisor of 195 and 1590.
15
Calculate the highest common divisor of 25754 and 158.
158
Calculate the greatest common divisor of 40394 and 76.
38
What is the greatest common factor of 41 and 13817?
41
Calculate the highest common divisor of 54 and 72.
18
What is the highest common divisor of 231 and 627?
33
Calculate the highest common factor of 27 and 6912.
27
Calculate the greatest common factor of 85 and 9095.
85
What is the highest common divisor of 427 and 14?
7
Calculate the highest common divisor of 35 and 15.
5
Calculate the greatest common divisor of 92 and 220.
4
Calculate the greatest common divisor of 1686 and 36.
6
Calculate the greatest common factor of 154 and 55.
11
What is the highest common factor of 42222 and 62?
62
Calculate the highest common divisor of 20 and 745.
5
Calculate the greatest common factor of 154 and 440.
22
Calculate the greatest common factor of 2187 and 135.
27
Calculate the highest common factor of 17 and 3247.
17
What is the highest common factor of 325 and 65?
65
Calculate the highest common divisor of 3000 and 120.
120
What is the greatest common divisor of 498 and 12?
6
Calculate the highest common factor of 172 and 35002.
86
Calculate the highest common factor of 1887 and 408.
51
What is the highest common divisor of 154 and 21329?
77
Calculate the greatest common factor of 41361 and 51.
51
What is the highest common factor of 320 and 10?
10
What is the greatest common divisor of 4867 and 124?
31
What is the highest common divisor of 34648 and 71?
71
What is the greatest common factor of 48 and 176?
16
What is the highest common factor of 782 and 170?
34
Calculate the greatest common divisor of 944 and 16.
16
What is the highest common factor of 38 and 1216?
38
What is the highest common divisor of 2349 and 243?
81
Calculate the highest common divisor of 77 and 91.
7
Calculate the highest common divisor of 8 and 376.
8
What is the greatest common factor of 750 and 200?
50
What is the greatest common factor of 182 and 14?
14
What is the highest common factor of 209 and 22?
11
What is the highest common divisor of 446 and 5575?
223
Calculate the highest common divisor of 1072 and 16.
16
Calculate the highest common factor of 30 and 1515.
15
Calculate the highest common factor of 470 and 2162.
94
What is the highest common divisor of 5 and 155?
5
What is the highest common divisor of 30 and 195?
15
Calculate the highest common factor of 23544 and 216.
216
Calculate the highest common divisor of 702 and 108.
54
Calculate the greatest common factor of 1267 and 14.
7
Calculate the highest common factor of 36 and 8556.
12
Calculate the greatest common factor of 55 and 35.
5
Calculate the highest common factor of 620 and 80.
20
What is the greatest common factor of 238 and 28?
14
Calculate the highest common divisor of 14616 and 1421.
203
What is the greatest common divisor of 3 and 173?
1
Calculate the greatest common divisor of 34 and 442.
34
What is the greatest common divisor of 136 and 85?
17
What is the greatest common divisor of 4488 and 32?
8
What is the highest common divisor of 3 and 183?
3
Calculate the greatest common divisor of 21 and 17185.
7
What is the highest common factor of 46 and 23?
23
Calculate the greatest common factor of 23 and 2.
1
What is the greatest common factor of 1288 and 1472?
184
What is the highest common factor of 240 and 6?
6
Calculate the greatest common divisor of 15400 and 50.
50
What is the greatest common factor of 36 and 18?
18
What is the highest common divisor of 2040 and 96?
24
What is the highest common divisor of 6592 and 309?
103
Calculate the greatest common factor of 141 and 6.
3
What is the greatest common divisor of 116 and 44?
4
Calculate the highest common factor of 288 and 256.
32
Calculate the highest common factor of 442 and 26.
26
Calculate the highest common divisor of 32 and 112.
16
What is the greatest common divisor of 315 and 2065?
35
What is the greatest common factor of 5 and 27?
1
What is the greatest common factor of 98 and 56?
14
Calculate the highest common factor of 130 and 884.
26
Calculate the highest common factor of 10 and 65.
5
Calculate the greatest common divisor of 837 and 27.
27
Calculate the greatest common divisor of 664 and 264.
8
What is the highest common divisor of 1024 and 8?
8
Calculate the highest common divisor of 5695 and 170.
85
Calculate the highest common factor of 5068 and 28.
28
Calculate the highest common divisor of 2132 and 164.
164
Calculate the greatest common factor of 9928 and 219.
73
What is t